
Let v(l) = -23*l - 9. Let g be v(-7). Let t be g/(-4)*6/(-4). Calculate the remainder when t/(-12)*(2 - 14) is divided by 15.
12
Suppose 8*v = 1171 + 733. Calculate the remainder when v is divided by 63.
49
Let w(j) = 3*j**2 - 2*j + 2. Let x = 7 - 5. Calculate the remainder when 26 is divided by w(x).
6
Let w be (-154)/55*(-10)/(-2). Let i = 9 + w. Let n(p) = 2*p**2 + 5*p + 4. What is the remainder when n(i) is divided by 15?
14
Suppose -310 = -5*j + 4*c - 3*c, -4*j + 249 = -c. Let w = -4 + 6. Suppose 46 + w = 3*l. Calculate the remainder when j is divided by l.
13
Suppose g = -5*z - 121, 2*z - 5*g + 10 = -33. Calculate the remainder when 266/6 + (-4)/(-6) is divided by (z/40)/((-1)/20).
9
Suppose -16 = h - 5*h. Suppose -u + 4*y - h = 0, -y + 14 = 4*u - 2*y. Calculate the remainder when 5 is divided by u.
1
Let r = 907 + -657. Calculate the remainder when r is divided by 63.
61
Let c(i) = i**3 - 9*i**2 - 4*i + 17. Let x be c(9). Let m = x + 35. Calculate the remainder when m is divided by 5.
1
Let n = 33 + -25. Let a be 360/(-25) + 2/5. Let m = 16 - a. What is the remainder when m is divided by n?
6
Suppose w = 5*a + 55, w + 4*a - 22 = 6. What is the remainder when 197 is divided by w?
37
Suppose -2*j = -2*v + 600, v + j = 3*v - 603. Calculate the remainder when v is divided by 16.
15
Let u(x) = x**3 - x - 1. Let o = -3 - -5. Calculate the remainder when 19 is divided by u(o).
4
Let b be -171 - ((-5)/1 + 4). Let f = 295 + b. Calculate the remainder when f is divided by 32.
29
Let m = 69 - 40. Suppose 0 = 4*c + 3*g - 28, 5*g = 2*g + 12. Suppose 0 = c*l - 46 + 6. What is the remainder when m is divided by l?
9
Let g(p) = -3*p + 44. Let r(l) = -l**2 + 7*l + 4. Let u be r(5). What is the remainder when 13 is divided by g(u)?
1
Calculate the remainder when (-368)/(-20)*5/2 is divided by 32.
14
Let y = -205 - -257. Calculate the remainder when y is divided by 28.
24
Suppose w - 39 = 2*b + 19, -5*b = -4*w + 235. What is the remainder when w is divided by 41?
19
Let t(y) = -9*y - 27. Calculate the remainder when 26 is divided by t(-4).
8
Suppose 7 = -5*h + 72. Suppose -2*z - 4*j + 6 = 0, -6*j = 2*z - 5*j. Let m(u) = 4*u**2 - 7*u - 6. What is the remainder when h is divided by m(z)?
3
Let b be (-22)/(1/(1 + 0)). Let q = 20 + b. What is the remainder when 665/(-7)*q/5 is divided by 10?
8
Suppose 0 = 3*v + u - 11, v + 2*u + 0*u = 2. Suppose 5*o = -10, v*l - o - 115 = 79. What is the remainder when 55 is divided by -2 + l/(1 - -2)?
13
Let t(z) = 2*z**2 - 10*z + 4. Let d be t(8). Let o = d + -27. Let c = -12 - -26. Calculate the remainder when o is divided by c.
11
Suppose -21*v + 268 + 26 = 0. What is the remainder when 53 is divided by v?
11
Suppose 2*f = -f + 30. Let z(u) = 47*u**3 + u. Let n be z(1). Suppose -3*g = n - 225. What is the remainder when g is divided by f?
9
Suppose -5*m + 32 = v, 4*m - 5 = 4*v - 37. Suppose -t + 24 = z, 2*t - 33 - v = -3*z. Calculate the remainder when t is divided by 7.
6
What is the remainder when 6/((-144)/(-78))*188 is divided by 155?
146
Let b be (-3)/((-206)/770 + 18/99). Let w = b + -15. Calculate the remainder when w is divided by 11.
9
Suppose y - 6*z + 2*z - 6 = 0, 0 = -3*y - 5*z + 52. Calculate the remainder when 90 is divided by y.
6
Let b(f) = -3*f - 10. Let z be b(-4). Let c be (-30)/(-4)*z/3. Suppose 4*v - u - 108 = -0*u, 5*v = c*u + 150. Calculate the remainder when 75 is divided by v.
23
Calculate the remainder when (-10*(-107)/8)/((-174)/(-696)) is divided by 54.
49
Let v = -26 + 30. Let o(p) = 2*p + 3 + 14*p**2 + 0 - v. What is the remainder when o(-2) is divided by 18?
15
Suppose 382*n = 424*n - 13818. What is the remainder when n is divided by 11?
10
Suppose 404 = 20*p + 124. Suppose -4*v - 2*l + 14 = 0, -2*l = -5*v + l + 12. What is the remainder when p is divided by v?
2
Suppose -b + 2*m - 2 = 0, 0 = -5*b + 2*m + m + 25. Let a = -205 - -241. What is the remainder when a is divided by 15/12*1*b?
6
Let o = 3 - -2. Suppose 5*p + 120 = 5*i, -p - 114 = -o*i - 2*p. What is the remainder when i is divided by (-3*(0 - -4))/(-1)?
11
Suppose 0 = -10*h + 263 + 377. Calculate the remainder when 127 is divided by h.
63
Let f = 15 - -85. What is the remainder when f is divided by (-11)/(-396)*12*6 - -25?
19
Suppose 2*p = 5*s - 1187, 0*s + 243 = s + p. Calculate the remainder when s is divided by 48.
47
Suppose 20*f = 19*f + 45. What is the remainder when 313 is divided by f?
43
Let i(c) = c**2 + 16*c + 18. Let a be i(-15). Suppose 5*n + a = 18. Calculate the remainder when (-1)/((-5)/15*n) is divided by 1.
0
Let w(r) = -22*r - 5. Calculate the remainder when w(-5) is divided by 20.
5
What is the remainder when (-6)/10 - 5733/(-105) is divided by (14/4)/(11/88)?
26
Let p(l) = -l**2 + 11*l - 10. Let w be p(7). Suppose 3*j + 12 = 4*j + 3*x, -5*x + 23 = 2*j. Calculate the remainder when ((-21)/j + 3)*w is divided by 5.
2
Let m(i) = 2*i**3 - 2*i**2 - 10*i - 1. What is the remainder when 28 is divided by m(3)?
3
Let m = -337 - -640. Let z = -15 + 44. What is the remainder when z is divided by m/21 + 4/7?
14
Let t(o) = 5*o**2 + o + 6*o**2 - 14 - 10*o**2 - 3*o. Calculate the remainder when 81 is divided by t(-5).
18
Let a(n) = -2*n**3 - 17*n**2 - 11*n - 3. What is the remainder when a(-8) is divided by 3?
0
Suppose 4*l - 11 - 5 = 0. Let n = 974 - 970. What is the remainder when n is divided by l?
0
Let x = 670 + -269. Calculate the remainder when x is divided by 13.
11
Let g(a) = 14*a**2 + 4. Let m be g(4). Suppose 2*f - m = -5*q, -3*f + f = 2. Suppose 2*j - q = 12. Calculate the remainder when 114 is divided by j.
27
Let u = -882 - -895. Calculate the remainder when u is divided by (-1 - -3) + (-12)/(-2).
5
Suppose -t = 4*d - 685, 7*d - 2*t = 8*d - 166. What is the remainder when d is divided by 44?
40
Suppose 16*r - 1569 - 1695 = 0. Calculate the remainder when r is divided by 18.
6
Suppose -8*c + 4*c + 332 = 0. Calculate the remainder when c is divided by 6.
5
Suppose 50 + 39 = 3*g - j, 2*g + 5*j - 31 = 0. Suppose 4*n - a - 9 = 0, 2*n + a = 5 - 2. Suppose -n*v + 24 = 8. Calculate the remainder when g is divided by v.
4
Suppose 3*c - 4*c = 4. Suppose -37*d - 5*d + 887 - 89 = 0. What is the remainder when d is divided by 2/(-4) + (-30)/c?
5
Let y = -138 + 219. What is the remainder when y is divided by 18?
9
Let t(n) be the third derivative of n**5/60 + n**4/24 + n**3/6 + n**2. What is the remainder when ((-50)/(-4))/(-13 + 243/18) is divided by t(-3)?
4
Let p = 803 + -551. What is the remainder when p is divided by 23?
22
Suppose 1133 + 632 = 5*j. Calculate the remainder when j is divided by 59.
58
Let a(i) = 2*i + 114. What is the remainder when a(-13) is divided by 38?
12
Let g(d) = -68*d - 171. Calculate the remainder when g(-6) is divided by 10.
7
Let l(q) be the third derivative of q**4/6 + 7*q**3/6 - 6*q**2. Let d(n) = 13*n**3 - n**2 + n - 1. What is the remainder when l(4) is divided by d(1)?
11
Suppose j - 2625 = -24*j. Calculate the remainder when j is divided by 36.
33
Calculate the remainder when 119 is divided by 1205/40 + -10 + 2/(-16).
19
Let n(z) = 2*z**3 + 3*z**2 - 3*z + 4. Let o be n(-3). Let l = o + 42. What is the remainder when l is divided by 18?
10
Let h = -223 - -225. Calculate the remainder when 13 is divided by h.
1
Let t(p) = 5*p - 1. Let z be t(1). Suppose -g + 19 = j, z*g = 4*j + 88 - 28. Calculate the remainder when 49 is divided by g.
15
Let g = -24 - -24. Suppose g = 2*s + 3*s. Calculate the remainder when 1 is divided by 1 - (-4)/12*s.
0
Suppose -2*m = 4*f - 3*f - 11, 15 = f + 3*m. Suppose -2*s = -q - s + 168, 0 = f*s + 9. What is the remainder when q is divided by 42?
39
Let b(z) = -3*z - 195. Let y be b(0). Calculate the remainder when (-1)/(-3*(-5)/y) is divided by 6.
1
Suppose -2*r - 15 = -5*r. Let f be 1/(((-20)/(-16))/r). Suppose f*v = 4*t + 44, 3*t - 7*t = 2*v - 28. What is the remainder when 21 is divided by v?
9
Suppose 2*b + 3*d - 170 = 0, -3*b + d - 5*d + 256 = 0. Suppose -b = -3*k - 19. Calculate the remainder when 3/((-12)/(-260)) + 2 is divided by k.
21
Let c be 1/(-2) - (-90)/(-12). Let q be 24/10*40/c. What is the remainder when q/9*9/(-2) is divided by 2?
0
Suppose 0 = -3*s + 15 + 48. Suppose 0 = -5*z + 3*j + 307 + 78, -3*j = -z + 65. Calculate the remainder when z